{"id":61,"date":"2020-08-01T08:27:14","date_gmt":"2020-08-01T08:27:14","guid":{"rendered":"https:\/\/wolfgangleeb.at\/?page_id=61"},"modified":"2021-01-30T10:26:04","modified_gmt":"2021-01-30T10:26:04","slug":"key-account-management-handelsketten","status":"publish","type":"page","link":"https:\/\/wolfgangleeb.at\/?page_id=61","title":{"rendered":"Key Account Management Handelsketten"},"content":{"rendered":"\t\t<div data-elementor-type=\"wp-page\" data-elementor-id=\"61\" class=\"elementor elementor-61\" data-elementor-settings=\"[]\">\n\t\t\t\t\t\t<div class=\"elementor-inner\">\n\t\t\t\t\t\t\t<div class=\"elementor-section-wrap\">\n\t\t\t\t\t\t\t<section class=\"elementor-section elementor-top-section elementor-element elementor-element-c07db14 elementor-section-stretched elementor-section-full_width elementor-section-height-default elementor-section-height-default\" data-id=\"c07db14\" data-element_type=\"section\" data-settings=\"{&quot;stretch_section&quot;:&quot;section-stretched&quot;}\">\n\t\t\t\t\t\t<div class=\"elementor-container elementor-column-gap-default\">\n\t\t\t\t\t\t\t<div class=\"elementor-row\">\n\t\t\t\t\t<div class=\"elementor-column elementor-col-100 elementor-top-column elementor-element elementor-element-3f856b3\" data-id=\"3f856b3\" data-element_type=\"column\">\n\t\t\t<div class=\"elementor-column-wrap elementor-element-populated\">\n\t\t\t\t\t\t\t<div class=\"elementor-widget-wrap\">\n\t\t\t\t\t\t<section class=\"elementor-section elementor-inner-section elementor-element elementor-element-6487cf3 elementor-section-boxed elementor-section-height-default elementor-section-height-default\" data-id=\"6487cf3\" data-element_type=\"section\">\n\t\t\t\t\t\t<div class=\"elementor-container elementor-column-gap-default\">\n\t\t\t\t\t\t\t<div class=\"elementor-row\">\n\t\t\t\t\t<div class=\"elementor-column elementor-col-50 elementor-inner-column elementor-element elementor-element-1ddded7\" data-id=\"1ddded7\" data-element_type=\"column\">\n\t\t\t<div class=\"elementor-column-wrap elementor-element-populated\">\n\t\t\t\t\t\t\t<div class=\"elementor-widget-wrap\">\n\t\t\t\t\t\t<div class=\"elementor-element elementor-element-8a173ea elementor-widget elementor-widget-text-editor\" data-id=\"8a173ea\" data-element_type=\"widget\" data-widget_type=\"text-editor.default\">\n\t\t\t\t<div class=\"elementor-widget-container\">\n\t\t\t\t\t<div class=\"elementor-text-editor elementor-clearfix\"><ul style=\"list-style: none;\">\n \t<li>Meetings mit Eink\u00e4ufer f\u00fcr Pr\u00e4sentation Neuheiten<\/li>\n \t<li>Angebotserstellung<\/li>\n \t<li>Regelm\u00e4\u00dfige Kontrolle\/Abgleich mit Eink\u00e4ufern zum Abverkauf der Produkte<\/li>\n \t<li>Entwicklung von Aktionskonzepten<\/li>\n \t<li>Erarbeitung Vorschl\u00e4ge Aktionsartikel <\/li>\n \t<li>Schnittstelle f\u00fcr Werbeartikel (Layouts und Artikeltexte bei Inseraten)<\/li>\n<\/ul><\/div>\n\t\t\t\t<\/div>\n\t\t\t\t<\/div>\n\t\t\t\t\t\t<\/div>\n\t\t\t\t\t<\/div>\n\t\t<\/div>\n\t\t\t\t<div class=\"elementor-column elementor-col-50 elementor-inner-column elementor-element elementor-element-f015b31\" data-id=\"f015b31\" data-element_type=\"column\">\n\t\t\t<div class=\"elementor-column-wrap elementor-element-populated\">\n\t\t\t\t\t\t\t<div class=\"elementor-widget-wrap\">\n\t\t\t\t\t\t<div class=\"elementor-element elementor-element-0274657 elementor-widget elementor-widget-image\" data-id=\"0274657\" data-element_type=\"widget\" data-widget_type=\"image.default\">\n\t\t\t\t<div class=\"elementor-widget-container\">\n\t\t\t\t\t<div class=\"elementor-image\">\n\t\t\t\t\t\t\t\t\t\t\t<a href=\"https:\/\/wolfgangleeb.at\/key-account-management\/\">\n\t\t\t\t\t\t\t<img width=\"500\" height=\"663\" src=\"https:\/\/wolfgangleeb.at\/wp-content\/uploads\/2020\/12\/DSC5362b.jpg\" class=\"attachment-full size-full\" alt=\"\" loading=\"lazy\" srcset=\"https:\/\/wolfgangleeb.at\/wp-content\/uploads\/2020\/12\/DSC5362b.jpg 500w, https:\/\/wolfgangleeb.at\/wp-content\/uploads\/2020\/12\/DSC5362b-226x300.jpg 226w, https:\/\/wolfgangleeb.at\/wp-content\/uploads\/2020\/12\/DSC5362b-480x636.jpg 480w\" sizes=\"(max-width: 500px) 100vw, 500px\" \/>\t\t\t\t\t\t\t\t<\/a>\n\t\t\t\t\t\t\t\t\t\t\t<\/div>\n\t\t\t\t<\/div>\n\t\t\t\t<\/div>\n\t\t\t\t\t\t<\/div>\n\t\t\t\t\t<\/div>\n\t\t<\/div>\n\t\t\t\t\t\t\t\t<\/div>\n\t\t\t\t\t<\/div>\n\t\t<\/section>\n\t\t\t\t\t\t<\/div>\n\t\t\t\t\t<\/div>\n\t\t<\/div>\n\t\t\t\t\t\t\t\t<\/div>\n\t\t\t\t\t<\/div>\n\t\t<\/section>\n\t\t\t\t\t\t<\/div>\n\t\t\t\t\t\t<\/div>\n\t\t\t\t\t<\/div>\n\t\t","protected":false},"excerpt":{"rendered":"<p>Meetings mit Eink\u00e4ufer f\u00fcr Pr\u00e4sentation Neuheiten Angebotserstellung Regelm\u00e4\u00dfige Kontrolle\/Abgleich mit Eink\u00e4ufern zum Abverkauf der Produkte Entwicklung von Aktionskonzepten Erarbeitung Vorschl\u00e4ge Aktionsartikel Schnittstelle f\u00fcr Werbeartikel (Layouts und Artikeltexte bei Inseraten)<\/p>\n","protected":false},"author":1,"featured_media":0,"parent":0,"menu_order":0,"comment_status":"closed","ping_status":"closed","template":"","meta":[],"_links":{"self":[{"href":"https:\/\/wolfgangleeb.at\/index.php?rest_route=\/wp\/v2\/pages\/61"}],"collection":[{"href":"https:\/\/wolfgangleeb.at\/index.php?rest_route=\/wp\/v2\/pages"}],"about":[{"href":"https:\/\/wolfgangleeb.at\/index.php?rest_route=\/wp\/v2\/types\/page"}],"author":[{"embeddable":true,"href":"https:\/\/wolfgangleeb.at\/index.php?rest_route=\/wp\/v2\/users\/1"}],"replies":[{"embeddable":true,"href":"https:\/\/wolfgangleeb.at\/index.php?rest_route=%2Fwp%2Fv2%2Fcomments&post=61"}],"version-history":[{"count":20,"href":"https:\/\/wolfgangleeb.at\/index.php?rest_route=\/wp\/v2\/pages\/61\/revisions"}],"predecessor-version":[{"id":808,"href":"https:\/\/wolfgangleeb.at\/index.php?rest_route=\/wp\/v2\/pages\/61\/revisions\/808"}],"wp:attachment":[{"href":"https:\/\/wolfgangleeb.at\/index.php?rest_route=%2Fwp%2Fv2%2Fmedia&parent=61"}],"curies":[{"name":"wp","href":"https:\/\/api.w.org\/{rel}","templated":true}]}}