{"id":252,"date":"2020-12-25T08:40:38","date_gmt":"2020-12-25T08:40:38","guid":{"rendered":"https:\/\/wolfgangleeb.at\/?page_id=252"},"modified":"2021-02-04T08:26:43","modified_gmt":"2021-02-04T08:26:43","slug":"contact-legal-notes","status":"publish","type":"page","link":"https:\/\/wolfgangleeb.at\/?page_id=252","title":{"rendered":"Contact &#038; Legal Notes"},"content":{"rendered":"\t\t<div data-elementor-type=\"wp-page\" data-elementor-id=\"252\" class=\"elementor elementor-252\" data-elementor-settings=\"[]\">\n\t\t\t\t\t\t<div class=\"elementor-inner\">\n\t\t\t\t\t\t\t<div class=\"elementor-section-wrap\">\n\t\t\t\t\t\t\t<section class=\"elementor-section elementor-top-section elementor-element elementor-element-32d55b5 elementor-section-boxed elementor-section-height-default elementor-section-height-default\" data-id=\"32d55b5\" data-element_type=\"section\">\n\t\t\t\t\t\t<div class=\"elementor-container elementor-column-gap-default\">\n\t\t\t\t\t\t\t<div class=\"elementor-row\">\n\t\t\t\t\t<div class=\"elementor-column elementor-col-33 elementor-top-column elementor-element elementor-element-216aa6c\" data-id=\"216aa6c\" data-element_type=\"column\">\n\t\t\t<div class=\"elementor-column-wrap elementor-element-populated\">\n\t\t\t\t\t\t\t<div class=\"elementor-widget-wrap\">\n\t\t\t\t\t\t<div class=\"elementor-element elementor-element-c01d31d elementor-widget elementor-widget-text-editor\" data-id=\"c01d31d\" data-element_type=\"widget\" data-widget_type=\"text-editor.default\">\n\t\t\t\t<div class=\"elementor-widget-container\">\n\t\t\t\t\t<div class=\"elementor-text-editor elementor-clearfix\"><strong>Wolfgang Leeb e.U.<\/strong><br>\nSt. Georgsweg 19<br>\n3121 Karlstetten,<br>\nAustria\n\n<p>E-Mail: wl@wolfgangleeb.at<br>\n<p>Telefon: +43 699 1585 8606<br>\nWEB: www.wolfgangleeb.at<\/div>\n\t\t\t\t<\/div>\n\t\t\t\t<\/div>\n\t\t\t\t\t\t<\/div>\n\t\t\t\t\t<\/div>\n\t\t<\/div>\n\t\t\t\t<div class=\"elementor-column elementor-col-33 elementor-top-column elementor-element elementor-element-a19205e\" data-id=\"a19205e\" data-element_type=\"column\">\n\t\t\t<div class=\"elementor-column-wrap elementor-element-populated\">\n\t\t\t\t\t\t\t<div class=\"elementor-widget-wrap\">\n\t\t\t\t\t\t<div class=\"elementor-element elementor-element-4c3703a elementor-widget elementor-widget-text-editor\" data-id=\"4c3703a\" data-element_type=\"widget\" data-widget_type=\"text-editor.default\">\n\t\t\t\t<div class=\"elementor-widget-container\">\n\t\t\t\t\t<div class=\"elementor-text-editor elementor-clearfix\"><p>You find me at <b>XING<\/b> and <b>LinkedIn<\/b><\/p>\n<p>Eingetragen:Landesgericht St.P\u00f6lten<br>Firmenbuch Nr:fn498742w<br>VAT No.: ATU59203659<\/p>\n<p>WKO Mitglied Nr. 213830<br>Fachorganisation: Handelsagenten<\/p><\/div>\n\t\t\t\t<\/div>\n\t\t\t\t<\/div>\n\t\t\t\t\t\t<\/div>\n\t\t\t\t\t<\/div>\n\t\t<\/div>\n\t\t\t\t<div class=\"elementor-column elementor-col-33 elementor-top-column elementor-element elementor-element-fbfbe2a\" data-id=\"fbfbe2a\" data-element_type=\"column\">\n\t\t\t<div class=\"elementor-column-wrap elementor-element-populated\">\n\t\t\t\t\t\t\t<div class=\"elementor-widget-wrap\">\n\t\t\t\t\t\t<div class=\"elementor-element elementor-element-04073a8 elementor-widget elementor-widget-image\" data-id=\"04073a8\" data-element_type=\"widget\" data-widget_type=\"image.default\">\n\t\t\t\t<div class=\"elementor-widget-container\">\n\t\t\t\t\t<div class=\"elementor-image\">\n\t\t\t\t\t\t\t\t\t\t<img width=\"211\" height=\"300\" src=\"https:\/\/wolfgangleeb.at\/wp-content\/uploads\/2021\/01\/wolfgangleeb-pic-1-211x300.png\" class=\"attachment-medium size-medium\" alt=\"\" loading=\"lazy\" srcset=\"https:\/\/wolfgangleeb.at\/wp-content\/uploads\/2021\/01\/wolfgangleeb-pic-1-211x300.png 211w, https:\/\/wolfgangleeb.at\/wp-content\/uploads\/2021\/01\/wolfgangleeb-pic-1.png 250w\" sizes=\"(max-width: 211px) 100vw, 211px\" \/>\t\t\t\t\t\t\t\t\t\t\t<\/div>\n\t\t\t\t<\/div>\n\t\t\t\t<\/div>\n\t\t\t\t\t\t<\/div>\n\t\t\t\t\t<\/div>\n\t\t<\/div>\n\t\t\t\t\t\t\t\t<\/div>\n\t\t\t\t\t<\/div>\n\t\t<\/section>\n\t\t\t\t<section class=\"elementor-section elementor-top-section elementor-element elementor-element-5e56f29 elementor-section-boxed elementor-section-height-default elementor-section-height-default\" data-id=\"5e56f29\" data-element_type=\"section\">\n\t\t\t\t\t\t<div class=\"elementor-container elementor-column-gap-default\">\n\t\t\t\t\t\t\t<div class=\"elementor-row\">\n\t\t\t\t\t<div class=\"elementor-column elementor-col-100 elementor-top-column elementor-element elementor-element-3a45c4e\" data-id=\"3a45c4e\" data-element_type=\"column\">\n\t\t\t<div class=\"elementor-column-wrap elementor-element-populated\">\n\t\t\t\t\t\t\t<div class=\"elementor-widget-wrap\">\n\t\t\t\t\t\t<div class=\"elementor-element elementor-element-92311f5 elementor-widget-divider--view-line elementor-widget elementor-widget-divider\" data-id=\"92311f5\" data-element_type=\"widget\" data-widget_type=\"divider.default\">\n\t\t\t\t<div class=\"elementor-widget-container\">\n\t\t\t\t\t<div class=\"elementor-divider\">\n\t\t\t<span class=\"elementor-divider-separator\">\n\t\t\t\t\t\t<\/span>\n\t\t<\/div>\n\t\t\t\t<\/div>\n\t\t\t\t<\/div>\n\t\t\t\t\t\t<\/div>\n\t\t\t\t\t<\/div>\n\t\t<\/div>\n\t\t\t\t\t\t\t\t<\/div>\n\t\t\t\t\t<\/div>\n\t\t<\/section>\n\t\t\t\t<section class=\"elementor-section elementor-top-section elementor-element elementor-element-60e5c89 elementor-section-boxed elementor-section-height-default elementor-section-height-default\" data-id=\"60e5c89\" data-element_type=\"section\">\n\t\t\t\t\t\t<div class=\"elementor-container elementor-column-gap-default\">\n\t\t\t\t\t\t\t<div class=\"elementor-row\">\n\t\t\t\t\t<div class=\"elementor-column elementor-col-100 elementor-top-column elementor-element elementor-element-eed8e68\" data-id=\"eed8e68\" data-element_type=\"column\">\n\t\t\t<div class=\"elementor-column-wrap elementor-element-populated\">\n\t\t\t\t\t\t\t<div class=\"elementor-widget-wrap\">\n\t\t\t\t\t\t<div class=\"elementor-element elementor-element-4d7ced8 elementor-widget elementor-widget-text-editor\" data-id=\"4d7ced8\" data-element_type=\"widget\" data-widget_type=\"text-editor.default\">\n\t\t\t\t<div class=\"elementor-widget-container\">\n\t\t\t\t\t<div class=\"elementor-text-editor elementor-clearfix\"><p><strong>Liability for contents<\/strong><\/p><p>The contentsofourpageshavebeencreatedwiththeutmost care. However, wecannotguaranteetheaccuracy, completeness and timelinessofthecontent. As a serviceprovider, weareresponsibleforour own content on thesepages in accordancewith \u00a7 7 paragraph 1 TMG underthegenerallaws. Accordingto \u00a7\u00a7 8 to 10 TMG, weare not obligatedto monitor transmittedorstoredinformationortoinvestigatecircumstancesthatindicate illegal activity. Obligationstoremoveorblocktheuseofinformationunderthegenerallawsremainunaffected. However, liability in thisregardisonly possible fromthepoint in time at which a concreteinfringementofthelawbecomesknown. Ifwebecomeawareofany such infringements, we will removethe relevant contentimmediately.<\/p><p>Declaration on thedutytoinform<\/p><p>(Privacy Policy)<\/p><p>\u00a0The protectionofyour personal dataisofparticularconcerntous. Wethereforeprocessyourdataexclusively on thebasisofthe legal provisions (DSGVO, TKG 2003). In thisdataprotectioninformation, weinformyouaboutthemostimportantaspectsofdataprocessingwithinthescopeofourwebsite.<\/p><p>Contact withus<\/p><p>Ifyoucontactusbye-mail, thedatayouprovide will bestoredbyusforsixmonthsforthepurposeofprocessingtheinquiry and in caseof follow-upquestions. We do not pass on thisdatawithoutyourconsent.<\/p><p>Cookies<\/p><p>Ourwebsiteuses so-calledcookies. These aresmalltextfilesthatarestored on your end devicewiththehelpofthebrowser. They do not causeanydamage.<\/p><p>Weusecookiestomakeouroffer user-friendly. Somecookiesremainstored on your end deviceuntilyoudeletethem. Theyenableustorecognizeyourbrowser on yournextvisit.<\/p><p>Ifyou do not wishthis, youcanset up yourbrowser so that it informsyouaboutthesettingofcookies and youonlyallowthis in individual cases.<\/p><p>Ifyoudisablecookies, thefunctionalityofourwebsitemaybe limited.<\/p><p>WEB analysis<\/p><p>Ourwebsiteusesfunctionsofthe web analysisservice Google Analytics ofCoogle Inc. (&#8222;Google&#8220;) withheadquarters in the USA. Cookies areusedforthispurpose, whichenables an analysisoftheuseofthewebsitebyyourusers. The informationthusgeneratedistransferredtotheprovider&#8217;sserver and storedthere.<\/p><p>Youcanpreventthisbyconfiguringyourbrowser so thatnocookiesarestoredor<\/p><p>&#8211; Youcanpreventthecollectionofdataby Google Apps (on all websites) in yourbrowserbyinstallingthefollowingplugin: http:\/\/tools.google.com\/dlpage\/gaoptout?hl=de.<\/p><p>&#8211; Oryoucanprevent Google Analytics fromcollectingdata on thiswebsitebyclicking Set Google Analytics Opt-Out Cookie.<\/p><p>Pleasenotethattheopt-out onlyappliestothecurrentlyuseddeviceorbrowser. Ifnecessary, you will havetoset a Google Analytics opt-out cookieagain after deletingthecookies in yourbrowser.<\/p><p>The relationshipwiththe web analyticsproviderisbased on an adequacydecisionofthe European Commission, in thiscasethe &#8222;U.S. Privacy Shield&#8220;.<\/p><p>The dataprocessingiscarried out on thebasisofthe legal provisionsof \u00a7 96 para 3 TKG aswellas Art 6 para 1 lit a (consent) and\/or f (legitimateinterest) ofthe DSGVO.<\/p><p>Ourconcern in termsofthe DSGVO (legitimateinterest) istheimprovementofouroffer and our web presence. Sincetheprivacyofourusersisimportanttous, theuserdataispseudonymized.<\/p><p>Your IP addressisrecorded, but immediatelypseudonymized. This meansthatonly a roughlocalizationis possible.<\/p><p>More information on Google Analytics and dataprotectioncanbefound at https:\/\/www.google.com\/intl\/de\/analytics\/privacyoverview.html.<\/p><p>Integration ofthird-party services and content<\/p><p>Weusethird-party content, such asvideosfrom YouTube, mapsfrom Google Maps orgraphics, whichareembeddedfromotherwebsites. This alwaysrequiresthattheprovidersofthiscontentperceivethe IP addressofyou. Withoutthe IP address, theycould not send thecontenttoyourbrowser. The IP addressisthereforerequiredforthedisplayofthiscontent. Weendeavortouseonly such contentwhoserespectiveprovidersusethe IP addressonlyforthedeliveryofthecontent. However, wehavenoinfluenceifthethird-party providersstorethe IP address, e.g. forstatisticalpurposes. Insofarasthisisknowntous, we will informyouofthis.<\/p><p>Newsletter<\/p><p><strong>Erkl\u00e4rung zur Informationspflicht<\/strong><\/p><p><strong>(Datenschutzerkl\u00e4rung)<\/strong><\/p><p>\u00a0Der Schutz Ihrer pers\u00f6nlichen Daten ist uns ein besonderes Anliegen. Wir verarbeiten Ihre Daten daher ausschlie\u00dflich auf Grundlage der gesetzlichen Bestimmungen (DSGVO, TKG 2003). In diesen Datenschutzinformationen informieren wir Sie \u00fcber die wichtigsten Aspekte der Datenverarbeitung im Rahmen unserer Website.<\/p><p><strong>Kontakt mit uns<\/strong><\/p><p>Wenn Sie per E-Mail Kontakt mit uns aufnehmen, werden Ihre angegebenen Daten zwecks Bearbeitung der Anfrage und f\u00fcr den Fall von Anschlussfragen sechs Monate bei uns gespeichert. Diese Daten geben wir nicht ohne Ihre Einwilligung weiter.<\/p><p><strong>Cookies<\/strong><\/p><p>UnsereWebsite verwendet so genannte Cookies. Dabei handelt es sich um kleine Textdateien, die mit Hilfe des Browsers auf Ihrem Endger\u00e4t abgelegt werden. Sie richten keinen Schaden an.<\/p><p>Wir nutzen Cookies dazu, unser Angebot nutzerfreundlich zu gestalten. Einige Cookies bleiben auf Ihrem Endger\u00e4t gespeichert, bis Sie diese l\u00f6schen. Sie erm\u00f6glichen es uns, Ihren Browser beim n\u00e4chsten Besuch wiederzuerkennen.<\/p><p>Wenn Sie dies nicht w\u00fcnschen, so k\u00f6nnen Sie Ihren Browser so einrichten, dass er Sie \u00fcber das Setzen von Cookies informiert und Sie dies nur im Einzelfall erlauben.<\/p><p>Bei der Deaktivierung von Cookies kann die Funktionalit\u00e4t unserer Website eingeschr\u00e4nkt sein.<\/p><p><strong>WEB-Analyse<\/strong><\/p><p>Unsere Website verwendet Funktionen des Webanalysedienstes Google Analytics von Coogle Inc. (\u201eGoogle\u201c) mit Sitz in den USA. Dazu werden Cookies verwendet, die eine Analyse der Benutzung der Website durch Ihre Benutzer erm\u00f6glicht. Die dadurch erzeugten Informationen werden auf den Server des Anbieters \u00fcbertragen und dort gespeichert.<\/p><p>Sie k\u00f6nnen dies verhindern, indem Sie Ihren Browser so einrichten, dass keine Cookies gespeichert werden oder<\/p><ul><li>Sie k\u00f6nnen die Erfassung von Daten durch Google Apps (auf allen Webseiten) in Ihrem Browser verhindern indem Sie folgendes Plugin installieren: <a href=\"http:\/\/tools.google.com\/dlpage\/gaoptout?hl=de\">http:\/\/tools.google.com\/dlpage\/gaoptout?hl=de<\/a><\/li><li>Oder Sie k\u00f6nnen durch Klicken auf Google Analytics Opt-Out-Cookie setzen verhindern, dass auf Google Analytics auf dieser Webseite Daten sammelt.<\/li><\/ul><p>Bitte beachten Sie, dass sich das Opt-Out jeweils nur auf das aktuell ben\u00fctzte Ger\u00e4t bzw. den aktuell ben\u00fctzten Browser bezieht. Gegebenenfalls m\u00fcssen Sie nach L\u00f6schen der Cookies in Ihrem Browser erneut ein Google Analytics Opt-Out-Cookie setzen.<\/p><p>Die Beziehung zum Webanalyseanbieter basiert auf einem Angemessenheitsbeschluss der Europ\u00e4ischen Kommission, in diesem Fall dem \u201eU.S. Privacy Shield\u201c.\u00a0<\/p><p>Die Datenverarbeitung erfolgt auf Basis der gesetzlichen Bestimmungen des \u00a7 96 Abs 3 TKG sowie des Art 6 Abs 1 lit a (Einwilligung) und\/oder f (berechtigtes Interesse) der DSGVO.<\/p><p>Unser Anliegen im Sinne der DSGVO (berechtigtes Interesse) ist die Verbesserung unseres Angebotes und unseres Webauftritts. Da uns die Privatsph\u00e4re unserer Nutzer wichtig ist, werden die Nutzerdaten pseudonymisiert.<\/p><p>Ihre IP-Adresse wird erfasst, aber umgehend pseudonymisiert. Dadurch ist nur mehr eine grobe Lokalisierung m\u00f6glich.<\/p><p>N\u00e4here Informationen zu Google Analytics und Datenschutz finden Sie unter <a href=\"https:\/\/www.google.com\/intl\/de\/analytics\/privacyoverview.html\">https:\/\/www.google.com\/intl\/de\/analytics\/privacyoverview.html<\/a><\/p><p><strong>Einbindung von Diensten und Inhalt Dritter<\/strong><\/p><p>Wir verwenden Inhalte Dritter, wie zum Beispiel Videos von YouTube, Kartenmaterial von Google-Maps oder Grafiken, welche von anderen Webseiten eingebunden werden. Dies setzt immer voraus, dass die Anbieter dieser Inhalte die IP-Adresse von Ihnen wahrnehmen. Denn ohne die IP-Adresse, k\u00f6nnten sie die Inhalte nicht an Ihren Browser senden. Die IP-Adresse ist damit f\u00fcr die Darstellung dieser Inhalte erforderlich. Wir bem\u00fchen uns nur solche Inhalte zu verwenden, deren jeweilige Anbieter die IP-Adresse lediglich zur Auslieferung der Inhalte verwenden. Jedoch haben wir keinen Einfluss darauf, falls die Dritt-Anbieter die IP-Adresse z.B. f\u00fcr statistische Zwecke speichern. Soweit dies uns bekannt ist, kl\u00e4ren wir Sie dar\u00fcber auf.<\/p><p><strong>Newsletter<\/strong><\/p><p>Sie haben die M\u00f6glichkeit, \u00fcber unsere Website unseren Newsletter zu abonnieren. Hierf\u00fcr ben\u00f6tigen wir Ihre E-Mail-Adresse, Ihren Namen und Ihr Aufenthaltsland und ihre Erkl\u00e4rung, dass Sie mit dem Bezug des Newsletters einverstanden sind.<\/p><p>Um Sie zielgerichtet mit Informationen zu versorgen, erheben und verarbeiten wir au\u00dferdem freiwillig gemachte Angaben zu Ihrem Interessensgebiet, dem Namen Ihrer Firma und Ihre Adresse.<\/p><p>Sobald Sie sich f\u00fcr den Newsletter angemeldet haben, senden wir Ihnen ein Best\u00e4tigungs-E-Mail mit einem Link zur Best\u00e4tigung der Anmeldung.<\/p><p>Das Abo des Newsletters k\u00f6nnen Sie jederzeit stornieren. Senden Sie Ihre Stornierung bitte an folgende E-Mail-Adresse: <a href=\"mailto:wl@wolfgangleeb.at\"><strong>wl@wolfgangleeb.at<\/strong><\/a>oder benutzen Sie den direkt im Newsletter angegebenen Link. Wir l\u00f6schen anschlie\u00dfend umgehend Ihre Daten im Zusammenhang mit dem Newsletter-Versand.<\/p><p><strong>Ihre Rechte<\/strong><\/p><p>Ihnen stehen grunds\u00e4tzlich die Rechte auf Auskunft, Berichtigung, L\u00f6schung, Einschr\u00e4nkung, Daten\u00fcbertragbarkeit, Widerruf und Widerspruch zu. Wenn Sie glauben, dass die Verarbeitung Ihrer Daten gegen das Datenschutzrecht verst\u00f6\u00dft oder Ihre datenschutzrechtlichen Anspr\u00fcche sonst in einer Weise verletzt worden sind, k\u00f6nnen Sie sich bei der Aufsichtsbeh\u00f6rde beschweren. In \u00d6sterreich ist dies die Datenschutzbeh\u00f6rde.<\/p><p><strong>Kontaktdaten<\/strong><\/p><p>Sie erreichen uns unter folgenden Kontaktdaten:<\/p><p>Wolfgang Leeb e.U.<\/p><p>St. Georgsweg 19<\/p><p>3121 Karlstetten<\/p><p>Austria<\/p><p>\u00a0<\/p><p>E-Mail: <a href=\"mailto:wl@wolfgangleeb.at\">wl@wolfgangleeb.at<\/a><\/p><p>Tel.:\u00a0 +43 699 1585 8606<\/p><p>Im Sinne einer besseren Lesbarkeit der Texte wurde von uns entweder die m\u00e4nnliche oder weibliche Form von personenbezogenen Hauptw\u00f6rtern gew\u00e4hlt. Dies impliziert keinesfalls eine Benachteiligung des jeweils anderen Geschlechts. Frauen und M\u00e4nner sollen sich von den Inhalten unserer Website gleicherma\u00dfen angesprochen f\u00fchlen.<\/p><\/div>\n\t\t\t\t<\/div>\n\t\t\t\t<\/div>\n\t\t\t\t\t\t<\/div>\n\t\t\t\t\t<\/div>\n\t\t<\/div>\n\t\t\t\t\t\t\t\t<\/div>\n\t\t\t\t\t<\/div>\n\t\t<\/section>\n\t\t\t\t\t\t<\/div>\n\t\t\t\t\t\t<\/div>\n\t\t\t\t\t<\/div>\n\t\t","protected":false},"excerpt":{"rendered":"<p>Wolfgang Leeb e.U. St. Georgsweg 19 3121 Karlstetten, Austria E-Mail: wl@wolfgangleeb.at Telefon: +43 699 1585 8606 WEB: www.wolfgangleeb.at You find me at XING and LinkedIn Eingetragen:Landesgericht St.P\u00f6ltenFirmenbuch Nr:fn498742wVAT No.: ATU59203659&hellip;<\/p>\n","protected":false},"author":1,"featured_media":0,"parent":0,"menu_order":0,"comment_status":"closed","ping_status":"closed","template":"elementor_header_footer","meta":[],"_links":{"self":[{"href":"https:\/\/wolfgangleeb.at\/index.php?rest_route=\/wp\/v2\/pages\/252"}],"collection":[{"href":"https:\/\/wolfgangleeb.at\/index.php?rest_route=\/wp\/v2\/pages"}],"about":[{"href":"https:\/\/wolfgangleeb.at\/index.php?rest_route=\/wp\/v2\/types\/page"}],"author":[{"embeddable":true,"href":"https:\/\/wolfgangleeb.at\/index.php?rest_route=\/wp\/v2\/users\/1"}],"replies":[{"embeddable":true,"href":"https:\/\/wolfgangleeb.at\/index.php?rest_route=%2Fwp%2Fv2%2Fcomments&post=252"}],"version-history":[{"count":57,"href":"https:\/\/wolfgangleeb.at\/index.php?rest_route=\/wp\/v2\/pages\/252\/revisions"}],"predecessor-version":[{"id":891,"href":"https:\/\/wolfgangleeb.at\/index.php?rest_route=\/wp\/v2\/pages\/252\/revisions\/891"}],"wp:attachment":[{"href":"https:\/\/wolfgangleeb.at\/index.php?rest_route=%2Fwp%2Fv2%2Fmedia&parent=252"}],"curies":[{"name":"wp","href":"https:\/\/api.w.org\/{rel}","templated":true}]}}